te the greatest common factor of 121485 and 6678560.
3115
Calculate the greatest common factor of 31915 and 2305245.
2455
Calculate the greatest common divisor of 815364 and 451704.
3828
What is the highest common factor of 53 and 34483?
1
Calculate the highest common factor of 5172 and 13961814.
2586
Calculate the highest common factor of 2326 and 16490.
2
What is the greatest common factor of 266216 and 50382?
622
Calculate the highest common factor of 2778 and 37998.
6
What is the highest common factor of 108429719 and 163?
163
What is the highest common factor of 26544 and 110723872?
8848
What is the highest common factor of 27 and 89793111?
3
Calculate the highest common divisor of 1578 and 20591322.
1578
What is the highest common divisor of 444 and 3463052?
148
Calculate the highest common factor of 44 and 78715934.
22
What is the greatest common factor of 1402372 and 9?
1
Calculate the greatest common factor of 2450 and 1863050.
350
Calculate the highest common factor of 256 and 800344.
8
What is the greatest common divisor of 4703840 and 8000?
160
What is the highest common factor of 7141 and 544529?
37
Calculate the greatest common factor of 23187967 and 143.
11
What is the greatest common factor of 8770671 and 819?
819
Calculate the greatest common divisor of 466575 and 18.
3
Calculate the highest common divisor of 969 and 44764570.
323
Calculate the highest common factor of 33727 and 16153.
29
Calculate the highest common divisor of 13140700 and 2675.
25
Calculate the highest common divisor of 64815079 and 217.
217
Calculate the highest common divisor of 185 and 12390745.
185
Calculate the greatest common divisor of 26015 and 3672955.
605
What is the greatest common factor of 614348 and 13172?
148
What is the highest common divisor of 1087183 and 9247?
1321
What is the highest common divisor of 595008 and 5328?
144
What is the highest common factor of 959132983 and 1977?
659
What is the greatest common factor of 1786326 and 98106?
498
What is the highest common factor of 28 and 3467016?
28
What is the greatest common factor of 27987924 and 12?
12
Calculate the highest common divisor of 925397 and 913.
11
What is the greatest common divisor of 21204 and 404948691?
5301
What is the greatest common factor of 91 and 4924517?
13
Calculate the highest common divisor of 4 and 110116994.
2
What is the highest common divisor of 66 and 728868162?
66
Calculate the highest common divisor of 278118883 and 301.
301
Calculate the greatest common divisor of 35 and 552923.
7
What is the highest common factor of 7038 and 24783926?
782
What is the highest common divisor of 1824045 and 5817?
831
Calculate the highest common factor of 2128153 and 1.
1
What is the highest common factor of 8752 and 55588?
4
Calculate the highest common divisor of 136119 and 264435.
867
What is the greatest common factor of 19227 and 1131?
1131
Calculate the greatest common divisor of 31148322 and 2.
2
Calculate the highest common factor of 37400 and 190600.
200
Calculate the greatest common divisor of 645883 and 14.
7
Calculate the greatest common divisor of 58692 and 822.
6
Calculate the highest common divisor of 774585 and 315.
315
Calculate the greatest common factor of 4864 and 206606.
38
What is the greatest common factor of 47837178 and 36?
18
Calculate the highest common divisor of 6783 and 614397.
357
Calculate the greatest common divisor of 202985808 and 12.
12
Calculate the greatest common factor of 244246 and 3956048.
194
Calculate the greatest common divisor of 117 and 119951.
13
Calculate the highest common divisor of 1792 and 1106896.
112
What is the greatest common divisor of 40475942 and 26?
26
What is the greatest common divisor of 27593 and 439110?
41
Calculate the highest common factor of 91864 and 1720.
8
What is the highest common divisor of 9786630 and 5481?
609
Calculate the greatest common divisor of 1610 and 2746890.
230
What is the highest common factor of 107312 and 357236?
1412
What is the greatest common divisor of 7733687 and 1313?
13
Calculate the greatest common factor of 6487689 and 39.
39
What is the greatest common divisor of 4 and 7584016?
4
What is the greatest common factor of 187 and 6741452?
17
What is the highest common factor of 23699 and 580099?
13
Calculate the greatest common factor of 26 and 161625464.
26
Calculate the highest common divisor of 16638660 and 154215.
1035
What is the highest common divisor of 943 and 1290323?
23
Calculate the highest common factor of 319137568 and 32.
32
What is the greatest common factor of 1792 and 182144?
128
What is the greatest common factor of 11310639 and 111705?
2031
What is the highest common factor of 302 and 57707519?
151
What is the highest common factor of 135061 and 14017?
131
What is the greatest common factor of 32790 and 5012498?
2186
What is the highest common factor of 26229900 and 180?
60
What is the highest common divisor of 6657 and 23303938?
2219
What is the greatest common divisor of 982356 and 20164?
284
What is the highest common divisor of 19143 and 851509?
709
Calculate the highest common factor of 1672 and 252362484.
836
What is the greatest common factor of 3507401905 and 3049?
3049
Calculate the highest common factor of 21550 and 167.
1
Calculate the greatest common divisor of 245 and 942445.
35
What is the greatest common divisor of 129090339 and 126?
63
What is the highest common divisor of 10835948 and 284968?
796
Calculate the highest common factor of 261422192 and 89.
89
What is the greatest common factor of 2334 and 67566?
6
What is the greatest common factor of 503667 and 6876?
1719
Calculate the highest common divisor of 42539779 and 2.
1
Calculate the highest common factor of 3194560 and 160.
160
What is the greatest common divisor of 122312800 and 94?
94
What is the highest common divisor of 3824 and 727660356?
956
Calculate the greatest common factor of 121 and 24503710.
121
Calculate the highest common factor of 234097 and 25807.
131
Calculate the greatest common divisor of 111976 and 376.
8
Calculate the greatest common divisor of 322416 and 420.
12
What is the highest common factor of 370 and 496680?
10
Calculate the greatest common divisor of 48 and 20940072.
24
What is the greatest common divisor of 10430 and 134610?
70
What is the greatest common factor of 149475 and 883275?
75
What is the greatest common factor of 4159853 and 695?
139
What is the highest common divisor of 14774 and 1152289?
83
Calculate the greatest common factor of 952 and 10297.
7
Calculate the highest common factor of 11285 and 2140339.
37
What is the greatest common factor of 335 and 133909885?
335
Calculate the highest common divisor of 192 and 5224296.
24
What is the highest common divisor of 403 and 14332669?
13
What is the highest common divisor of 144 and 21424464?
144
Calculate the greatest common divisor of 559190 and 171410.
2810
What is the highest common factor of 63332 and 19847?
223
Calculate the greatest common factor of 18729740 and 36.
4
What is the greatest common factor of 237660 and 4307005?
1165
Calculate the highest common factor of 360224 and 2656.
32
Calculate the greatest common factor of 12785 and 2445.
5
Calculate the greatest common divisor of 40 and 48003048.
8
Calculate the greatest common factor of 1482 and 77769432.
1482
What is the greatest common factor of 275060 and 35480?
20
What is the greatest common divisor of 1014384 and 672?
336
Calculate the greatest common factor of 9091101 and 1745.
349
Calculate the greatest common factor of 6112 and 95403736.
1528
Calculate the greatest common divisor of 282540172 and 3166.
3166
What is the greatest common factor of 756 and 64589994?
378
What is the greatest common factor of 9453185 and 21?
7
Calculate the highest common factor of 144 and 2058174.
18
Calculate the greatest common divisor of 43568 and 1673478.
778
Calculate the highest common factor of 1196 and 3119444.
92
Calculate the greatest common divisor of 338 and 1005600362.
338
What is the highest common divisor of 103775 and 22710121?
4151
Calculate the highest common divisor of 608273723 and 31.
31
What is the highest common divisor of 28 and 153186404?
28
Calculate the highest common factor of 1016140 and 9384.
92
Calculate the highe